Suppose -3*d + 12 - 3 = 0, 6 = 4*o - m*d. What is the greatest common factor of o and 81?
3
Let v = 3571 - 3527. Let p be ((-12)/18)/((-1)/24). What is the greatest common divisor of p and v?
4
Let v be 1/3 + 40/6. Suppose 928 = 4*n + 4*l, -1154 = 5*n - 10*n - 3*l. Let u = n + -208. Calculate the highest common factor of u and v.
7
Let q(b) = -150*b + 2722. Let x be q(-16). What is the highest common factor of 26 and x?
26
Let t be (9*3)/(((-57)/813)/(-19)). Calculate the greatest common factor of t and 271.
271
Let l be (-36)/(-27) - (-10870)/15. Suppose 0 = v - 3*p - 185, -4*v - 12*p = -10*p - l. What is the greatest common divisor of 13 and v?
13
Let s be -26 + 50 - 1*6. Suppose s*u + 7353 = 37*u. Calculate the highest common divisor of 86 and u.
43
Let n(c) = -26*c - 49. Let o be n(-7). Suppose -22*u - o = -29*u. Suppose 16*z + 240 = u*z. What is the greatest common divisor of z and 10?
10
Suppose -28 + 827 = 7*z - 132. Calculate the highest common factor of 8778 and z.
133
Let a = 66 + -66. Suppose 5*v + 11*v - 1680 = a. What is the greatest common factor of 28 and v?
7
Suppose -4*h + 18 = -0*b + 5*b, b = 5*h - 8. Suppose -a = b*c - 171, 36*a + 15 = 41*a. Calculate the highest common factor of c and 48.
12
Let s = -15018 + 15738. What is the greatest common divisor of s and 486?
18
Suppose -5*y = 5*w - 1125, 810 = w + 805. Calculate the highest common factor of y and 11704.
44
Let k(x) = -34*x - 15. Let g be k(-6). Let m = g - 99. What is the highest common factor of m and 36?
18
Suppose -5*r = 0, 2*c + 404 = 6*c - 4*r. Suppose -9*s + 160 + c = 0. What is the highest common divisor of s and 116?
29
Suppose -41*m + 10112 + 6472 = 4858. Calculate the highest common factor of m and 546.
26
Let o be ((-5)/10)/(1 - 1756/1760). Let r be 616/o*(-25)/1. What is the greatest common divisor of 14 and r?
14
Let i(m) = -3*m**3 - 7*m**2 - 12*m - 68. Let w be i(-5). What is the greatest common divisor of 8 and w?
8
Let c be 320/48 + (-40)/15. Let o(r) = -3*r + 2. Let j be o(-8). Let s = j + c. Calculate the greatest common factor of 40 and s.
10
Suppose b - 34 - 38 = 0. Let o be (b - -7) + 0 + -5. What is the highest common divisor of o and 2?
2
Suppose -4*g = i - 274, -13*i + 17*i - 3*g = 1172. Calculate the highest common divisor of i and 20.
10
Suppose -1042*p + 953*p = -10533 - 9047. Calculate the greatest common factor of 2530 and p.
110
Suppose 0 = -8*z + 32. Suppose 3*a = z*s - 3633, -5*a = -28 + 3. Calculate the greatest common divisor of s and 76.
76
Let s be 22*4/(-12)*(4 + -7). Suppose -7 = 5*m - s. Calculate the highest common factor of m and 51.
3
Suppose -54*o - 108 = -33*o - 633. What is the greatest common factor of 27 and o?
1
Suppose 5*n = -b + 189 + 3650, 5 = -5*b. What is the highest common divisor of 24 and n?
24
Suppose 25*r - 29*r - 3*h = -130, -3*h = -5*r + 176. Let c = 44 - 27. Calculate the greatest common factor of c and r.
17
Suppose 0 = 4*n - 3 - 17. Suppose -8*f + 3*f + 2*x + 231 = 0, 195 = 4*f - n*x. Calculate the highest common divisor of 90 and f.
45
Suppose 4*z = 5*x - 141, 2*x + 55 = 5*x + 5*z. Let o be -9 - x/(-5) - 7*-9. Let k be (1 - 82)/(4 - o/14). What is the highest common divisor of 42 and k?
42
Let n(k) = 7*k - 56. Let h be n(9). Let t be (-217)/h*(-5)/5. Let w be (-124)/(-5)*(2 + 3). What is the greatest common factor of w and t?
31
Let t be 4/16*12 + -1 + 6. Suppose -8*i - t*i = -32. Calculate the highest common divisor of i and 74.
2
Suppose 5*q - 35 = -3*w, q + 5*w - 24 = w. Suppose -h + 6*h - 157 = -q*p, p - 4*h = 13. Calculate the greatest common divisor of 66 and p.
33
Let x = 1205 + -1101. Let z be 10 + -3 - (-1 + 0). What is the greatest common factor of z and x?
8
Suppose 76*c = 100*c - 6600. Let i(j) = j**3 + j - 2. Let o be i(0). Let s = o - -27. Calculate the highest common divisor of s and c.
25
Let r be (-90)/7*((-8)/(-14) + (-13596)/126). What is the highest common factor of r and 300?
60
Let o be 3*249/(-36)*(5 + -1). Let i = 168 + o. Calculate the highest common divisor of i and 34.
17
Suppose 5*r + 10 = 0, 2*x - 6*r - 966 = -3*r. Calculate the greatest common factor of x and 336.
48
Let o = -29 - -62. Suppose 4*t + 0*n + 2*n = 0, 0 = 3*t - 4*n. Suppose 0*m + 9*m - 1485 = t. Calculate the greatest common factor of m and o.
33
Let a = -1125 + 1153. Let n(o) = o**2 + 11*o + 9. Let r be n(-12). What is the greatest common factor of a and r?
7
Let s = 352 + 218. Suppose 29*w = -193 + s. Calculate the greatest common divisor of w and 442.
13
Suppose 4 = -103*h + 105*h. Suppose -3*w - h*v + 304 = w, 2*w + 3*v = 160. What is the highest common divisor of 111 and w?
37
Let h(r) = -2*r**2 + 520*r - 6351. Let c be h(13). Let o = -42 + 113. What is the greatest common divisor of o and c?
71
Suppose 1113 - 14133 = -20*c. What is the greatest common factor of c and 93?
93
Let k(n) = n**2 + 8*n - 369. Let w be k(19). What is the highest common factor of 816 and w?
48
Suppose -1082 = -r - 2*x + 635, 3378 = 2*r - 3*x. Calculate the highest common factor of 315 and r.
63
Let q(i) = -i + 3. Let g be q(6). Let z be (-2 + 26/(-3))*g. What is the highest common factor of z and 24?
8
Suppose -9*q - 12*q = 14*q. Suppose -3*x - 2*d = -1008, 0 = -6*x + 3*x + 2*d + 1008. Suppose 4*w = -q*w + x. Calculate the highest common divisor of w and 21.
21
Let w(t) = t**3 - 9*t**2 - 8*t + 10. Let j be w(10). Suppose 2*u = j - 2. Let v be (2/4 + 2)*(-1148)/(-205). What is the highest common divisor of u and v?
14
Let f be (-6)/(-33) - 394/(-11). Let j(k) = -k**3 - 10*k**2 + k - 10. Let t be j(-11). Suppose -t = -3*c + 44. What is the greatest common factor of f and c?
12
Let d be 3*(2 + (-43)/(-3)). Calculate the highest common factor of d and 91.
7
Let o be -35 + 31 + ((-250)/(-5) - -5). Calculate the greatest common divisor of 1513 and o.
17
Let q(f) = f**3 - 135*f**2 + 287*f - 2217. Let m be q(133). Calculate the greatest common factor of 112 and m.
16
Let t = -150 - -161. Suppose -z + 5*a = 9, 9*a - 54 = -4*z + t*a. What is the highest common factor of z and 136?
8
Let q be (-7)/(6/(-33) - 14/44). Let n(y) = -y**2 + 23*y - 30. Let u be n(q). What is the highest common divisor of u and 60?
12
Let k = -148 - -26. Let z = 154 - k. What is the greatest common divisor of 12 and z?
12
Let g be (-45 + 46)/(2/286). Suppose -g = -5*w + 3*c - 4*c, 4*w - 109 = c. Calculate the greatest common divisor of 112 and w.
28
Let x be 2/(-10) - (7 - 144/20). Suppose -4*c - 4*q = q - 95, 5*c - 3*q - 165 = x. Calculate the highest common divisor of c and 210.
30
Let c = -421 + 457. Suppose -c*a + 33*a = -3*h - 609, -4*h = -2*a + 396. Calculate the greatest common factor of a and 52.
52
Let u = -10574 + 13838. Calculate the greatest common divisor of 24 and u.
24
Let z(x) = 2*x**2 + 13*x + 47. Let m be z(-10). Let q = -5 + 31. What is the greatest common factor of q and m?
13
Suppose -44 = -c + 4*d, 5*d = 8*c - 10*c + 88. Let k be (-2 - (c + 2))/(-1). Calculate the greatest common factor of 128 and k.
16
Suppose -22110 = 10207*s - 10212*s. What is the greatest common factor of 66 and s?
66
Suppose -3*z = 4*w - 375, 0 = 5*z - 17*w + 12*w - 625. Calculate the greatest common factor of 25 and z.
25
Suppose -w = -2*w + 232. Suppose -21*n = -18*n + 24, -r + 5*n = -98. What is the highest common divisor of w and r?
58
Let k(d) = d**3 - 4*d**2 + 177*d - 1658. Let i be k(9). What is the greatest common factor of i and 16490?
170
Suppose -4*m + 21542 + 12223 = b, -4*m = -5*b - 33759. What is the highest common factor of m and 23?
23
Suppose -2*n = -z + 39 - 5, -3*z = -n - 107. What is the highest common divisor of 528 and z?
12
Suppose -329375 = -14*l - 53*l - 88*l. What is the highest common divisor of 51 and l?
17
Let g(h) = h**3 - h**2 - 2*h - 335. Let f be g(0). Let l = 378 + f. Calculate the greatest common factor of 344 and l.
43
Suppose -2*s - 10 = -36. Let a(t) = t**3 - 8*t**2 - 8*t - 15. Let j be a(9). Let p be ((-17)/j)/(-17) + s/6. Calculate the highest common factor of p and 4.
2
Let i(h) = 9*h + 12*h + 2*h**2 + 18 - 18*h. Let m be i(-6). What is the greatest common divisor of 88 and m?
8
Let d(g) = 7*g**2 + 963*g - 396. Let n be d(-138). Let k = 18 + 72. What is the greatest common divisor of k and n?
18
Let u = -3105 + 3369. What is the 